{"id":15826,"date":"2021-07-09T17:14:48","date_gmt":"2021-07-09T15:14:50","guid":{"rendered":"https:\/\/www.seleneshop.net\/?post_type=product&#038;p=15826"},"modified":"2024-07-01T00:00:18","modified_gmt":"2024-06-30T22:00:18","slug":"piedra-caida-de-jaspe-rojo-copia","status":"publish","type":"product","link":"https:\/\/www.seleneshop.net\/es\/shop\/piedras-y-cristales\/piedra-caida-de-jaspe-rojo-copia\/","title":{"rendered":"Piedra ca\u00edda de jaspe amarillo"},"content":{"rendered":"<p>Piedra ca\u00edda de jaspe amarillo<br \/>\nCaracter\u00edsticas del jaspe amarillo: asociado con el chakra del plexo solar, una llamada a los sue\u00f1os y un viaje cham\u00e1nico. Protecci\u00f3n de todo tipo de energ\u00edas negativas. Equilibrar y alinear los cuerpos f\u00edsico, mental y emocional. Estimula la fuerza, el coraje, la creatividad y la imaginaci\u00f3n.<\/p>\n<p>Cristalizaci\u00f3n: sistema trigonal<br \/>\nFamilia: cuarzo<br \/>\nColores: Amarillo, con varias inclusiones que definen la variedad espec\u00edfica.<\/p>\n<p>Limpieza y recarga: inmersi\u00f3n en agua salada fr\u00eda (incluso unas pocas horas); alternativamente descansando sobre una familia de amatista o cristal de roca; Los ba\u00f1os de sol (sin luz directa) y los ba\u00f1os de luna regeneran su vitalidad. Cuando el jaspe haya abandonado todo el potencial energ\u00e9tico que tiene, se volver\u00e1 fr\u00e1gil y se romper\u00e1; en ese momento conviene devolverlo a la naturaleza, solt\u00e1ndolo en el mar o en un arroyo<\/p>\n<p>Uso: ll\u00e9velo con usted (en el bolsillo o en una bolsa de fibra natural colgada del cuello); ll\u00e9velo como una piedra montada en collares, pulseras o colgantes; no se recomienda usarlo en la funda de la almohada porque, al aportar mucha energ\u00eda f\u00edsica, especialmente las variedades tintas, f\u00e1cilmente podr\u00edan dificultar el conciliar el sue\u00f1o; excelente en momentos de meditaci\u00f3n y tratamientos de reiki; se puede hacer que se adhiera con un yeso a la piel en correspondencia con el chakra 1-2-3, seg\u00fan los colores; mineral fundamental en tratamientos de cristaloterapia<\/p>\n","protected":false},"excerpt":{"rendered":"<p>Piedra ca\u00edda de jaspe amarillo Caracter\u00edsticas del jaspe amarillo: asociado con el chakra del plexo solar, una llamada a los sue\u00f1os y un viaje cham\u00e1nico. Protecci\u00f3n de todo tipo de energ\u00edas negativas. Equilibrar y alinear los cuerpos f\u00edsico, mental y emocional. Estimula la fuerza, el coraje, la creatividad y la imaginaci\u00f3n. Cristalizaci\u00f3n: sistema trigonal Familia: [&hellip;]<\/p>\n","protected":false},"featured_media":15836,"comment_status":"open","ping_status":"closed","template":"","meta":{"_acf_changed":false},"product_brand":[],"product_cat":[1147,270],"product_tag":[1196,1148,1185,1146],"class_list":{"0":"post-15826","1":"product","2":"type-product","3":"status-publish","4":"has-post-thumbnail","6":"product_cat-piedras-y-cristales","7":"product_cat-uncategorized","8":"product_tag-amarillo","9":"product_tag-cayo","10":"product_tag-jaspe","11":"product_tag-roca","13":"first","14":"instock","15":"shipping-taxable","16":"purchasable","17":"product-type-variable","18":"has-default-attributes"},"acf":[],"_links":{"self":[{"href":"https:\/\/www.seleneshop.net\/es\/wp-json\/wp\/v2\/product\/15826","targetHints":{"allow":["GET"]}}],"collection":[{"href":"https:\/\/www.seleneshop.net\/es\/wp-json\/wp\/v2\/product"}],"about":[{"href":"https:\/\/www.seleneshop.net\/es\/wp-json\/wp\/v2\/types\/product"}],"replies":[{"embeddable":true,"href":"https:\/\/www.seleneshop.net\/es\/wp-json\/wp\/v2\/comments?post=15826"}],"wp:featuredmedia":[{"embeddable":true,"href":"https:\/\/www.seleneshop.net\/es\/wp-json\/wp\/v2\/media\/15836"}],"wp:attachment":[{"href":"https:\/\/www.seleneshop.net\/es\/wp-json\/wp\/v2\/media?parent=15826"}],"wp:term":[{"taxonomy":"product_brand","embeddable":true,"href":"https:\/\/www.seleneshop.net\/es\/wp-json\/wp\/v2\/product_brand?post=15826"},{"taxonomy":"product_cat","embeddable":true,"href":"https:\/\/www.seleneshop.net\/es\/wp-json\/wp\/v2\/product_cat?post=15826"},{"taxonomy":"product_tag","embeddable":true,"href":"https:\/\/www.seleneshop.net\/es\/wp-json\/wp\/v2\/product_tag?post=15826"}],"curies":[{"name":"wp","href":"https:\/\/api.w.org\/{rel}","templated":true}]}}

Piedra caída de jaspe amarillo

<p>Piedra caída de jaspe amarillo<br />
Características del jaspe amarillo: asociado con el chakra del plexo solar, una llamada a los sueños y un viaje chamánico. Protección de todo tipo de energías negativas. Equilibrar y alinear los cuerpos físico, mental y emocional. Estimula la fuerza, el coraje, la creatividad y la imaginación.</p>
<p>Cristalización: sistema trigonal<br />
Familia: cuarzo<br />
Colores: Amarillo, con varias inclusiones que definen la variedad específica.</p>
<p>Limpieza y recarga: inmersión en agua salada fría (incluso unas pocas horas); alternativamente descansando sobre una familia de amatista o cristal de roca; Los baños de sol (sin luz directa) y los baños de luna regeneran su vitalidad. Cuando el jaspe haya abandonado todo el potencial energético que tiene, se volverá frágil y se romperá; en ese momento conviene devolverlo a la naturaleza, soltándolo en el mar o en un arroyo</p>
<p>Uso: llévelo con usted (en el bolsillo o en una bolsa de fibra natural colgada del cuello); llévelo como una piedra montada en collares, pulseras o colgantes; no se recomienda usarlo en la funda de la almohada porque, al aportar mucha energía física, especialmente las variedades tintas, fácilmente podrían dificultar el conciliar el sueño; excelente en momentos de meditación y tratamientos de reiki; se puede hacer que se adhiera con un yeso a la piel en correspondencia con el chakra 1-2-3, según los colores; mineral fundamental en tratamientos de cristaloterapia</p>

<p>Piedra caída de jaspe amarillo Características del jaspe amarillo: asociado con el chakra del plexo solar, una llamada a los sueños y un viaje chamánico. Protección de todo tipo de energías negativas. Equilibrar y alinear los cuerpos físico, mental y emocional. Estimula la fuerza, el coraje, la creatividad y la imaginación. Cristalización: sistema trigonal Familia: [&hellip;]</p>
