{"id":16014,"date":"2021-07-15T19:27:30","date_gmt":"2021-07-15T17:27:32","guid":{"rendered":"https:\/\/www.seleneshop.net\/?post_type=product&#038;p=16014"},"modified":"2024-07-01T00:00:18","modified_gmt":"2024-06-30T22:00:18","slug":"piedra-caida-de-broncita","status":"publish","type":"product","link":"https:\/\/www.seleneshop.net\/es\/shop\/piedras-y-cristales\/piedra-caida-de-broncita\/","title":{"rendered":"Bronzite piedra ca\u00edda"},"content":{"rendered":"<p>Bronzite piedra ca\u00edda<br \/>\nMineralog\u00eda: inosilicato del grupo per\u00f3xido. r\u00f3mbico. primario.<\/p>\n<p>Caracter\u00edsticas de la bronzitis: Ayuda a promover la paz y la armon\u00eda y fomentar\u00e1 el crecimiento de sentimientos de compasi\u00f3n y perd\u00f3n. En situaciones estresantes, la bronzitis ayuda a mantener la calma. Es ventajoso utilizarlo para crear una rejilla en una habitaci\u00f3n, porque tiene una fuerte energ\u00eda protectora y depurativa.<br \/>\nRelajaci\u00f3n interior. Aporta dinamismo y al mismo tiempo tranquilidad interior y relajaci\u00f3n en caso de gran agotamiento<\/p>\n<p>Limpieza y recarga: inmersi\u00f3n en agua fr\u00eda con sal (incluso unas pocas horas); alternativamente descansando sobre una familia de amatista o cristal de roca; Los ba\u00f1os de sol (sin luz directa) y los ba\u00f1os de luna regeneran su vitalidad. Cuando el jaspe haya abandonado todo el potencial energ\u00e9tico que tiene, se volver\u00e1 fr\u00e1gil y se romper\u00e1; en ese momento conviene devolverlo a la naturaleza, solt\u00e1ndolo en el mar o en un arroyo<\/p>\n<p>Uso: ll\u00e9velo con usted (en el bolsillo o en una bolsa de fibra natural colgada del cuello); ll\u00e9velo como una piedra montada en collares, pulseras o colgantes; no se recomienda usarlo en la funda de la almohada porque, al aportar mucha energ\u00eda f\u00edsica, especialmente las variedades tintas, f\u00e1cilmente podr\u00edan dificultar la conciliaci\u00f3n del sue\u00f1o; excelente en momentos de meditaci\u00f3n y tratamientos de reiki; se puede hacer que se adhiera con un yeso a la piel en correspondencia con el chakra 1-2-3, seg\u00fan los colores; mineral fundamental en tratamientos de cristaloterapia<\/p>\n","protected":false},"excerpt":{"rendered":"<p>Bronzite piedra ca\u00edda Mineralog\u00eda: inosilicato del grupo per\u00f3xido. r\u00f3mbico. primario. Caracter\u00edsticas de la bronzitis: Ayuda a promover la paz y la armon\u00eda y fomentar\u00e1 el crecimiento de sentimientos de compasi\u00f3n y perd\u00f3n. En situaciones estresantes, la bronzitis ayuda a mantener la calma. Es ventajoso utilizarlo para crear una rejilla en una habitaci\u00f3n, porque tiene una [&hellip;]<\/p>\n","protected":false},"featured_media":16024,"comment_status":"open","ping_status":"closed","template":"","meta":{"_acf_changed":false},"product_brand":[],"product_cat":[1147,270],"product_tag":[1252,1148,1146],"class_list":{"0":"post-16014","1":"product","2":"type-product","3":"status-publish","4":"has-post-thumbnail","6":"product_cat-piedras-y-cristales","7":"product_cat-uncategorized","8":"product_tag-bronzite-es","9":"product_tag-cayo","10":"product_tag-roca","12":"first","13":"instock","14":"shipping-taxable","15":"purchasable","16":"product-type-variable","17":"has-default-attributes"},"acf":[],"_links":{"self":[{"href":"https:\/\/www.seleneshop.net\/es\/wp-json\/wp\/v2\/product\/16014","targetHints":{"allow":["GET"]}}],"collection":[{"href":"https:\/\/www.seleneshop.net\/es\/wp-json\/wp\/v2\/product"}],"about":[{"href":"https:\/\/www.seleneshop.net\/es\/wp-json\/wp\/v2\/types\/product"}],"replies":[{"embeddable":true,"href":"https:\/\/www.seleneshop.net\/es\/wp-json\/wp\/v2\/comments?post=16014"}],"wp:featuredmedia":[{"embeddable":true,"href":"https:\/\/www.seleneshop.net\/es\/wp-json\/wp\/v2\/media\/16024"}],"wp:attachment":[{"href":"https:\/\/www.seleneshop.net\/es\/wp-json\/wp\/v2\/media?parent=16014"}],"wp:term":[{"taxonomy":"product_brand","embeddable":true,"href":"https:\/\/www.seleneshop.net\/es\/wp-json\/wp\/v2\/product_brand?post=16014"},{"taxonomy":"product_cat","embeddable":true,"href":"https:\/\/www.seleneshop.net\/es\/wp-json\/wp\/v2\/product_cat?post=16014"},{"taxonomy":"product_tag","embeddable":true,"href":"https:\/\/www.seleneshop.net\/es\/wp-json\/wp\/v2\/product_tag?post=16014"}],"curies":[{"name":"wp","href":"https:\/\/api.w.org\/{rel}","templated":true}]}}

Bronzite piedra caída

<p>Bronzite piedra caída<br />
Mineralogía: inosilicato del grupo peróxido. rómbico. primario.</p>
<p>Características de la bronzitis: Ayuda a promover la paz y la armonía y fomentará el crecimiento de sentimientos de compasión y perdón. En situaciones estresantes, la bronzitis ayuda a mantener la calma. Es ventajoso utilizarlo para crear una rejilla en una habitación, porque tiene una fuerte energía protectora y depurativa.<br />
Relajación interior. Aporta dinamismo y al mismo tiempo tranquilidad interior y relajación en caso de gran agotamiento</p>
<p>Limpieza y recarga: inmersión en agua fría con sal (incluso unas pocas horas); alternativamente descansando sobre una familia de amatista o cristal de roca; Los baños de sol (sin luz directa) y los baños de luna regeneran su vitalidad. Cuando el jaspe haya abandonado todo el potencial energético que tiene, se volverá frágil y se romperá; en ese momento conviene devolverlo a la naturaleza, soltándolo en el mar o en un arroyo</p>
<p>Uso: llévelo con usted (en el bolsillo o en una bolsa de fibra natural colgada del cuello); llévelo como una piedra montada en collares, pulseras o colgantes; no se recomienda usarlo en la funda de la almohada porque, al aportar mucha energía física, especialmente las variedades tintas, fácilmente podrían dificultar la conciliación del sueño; excelente en momentos de meditación y tratamientos de reiki; se puede hacer que se adhiera con un yeso a la piel en correspondencia con el chakra 1-2-3, según los colores; mineral fundamental en tratamientos de cristaloterapia</p>

<p>Bronzite piedra caída Mineralogía: inosilicato del grupo peróxido. rómbico. primario. Características de la bronzitis: Ayuda a promover la paz y la armonía y fomentará el crecimiento de sentimientos de compasión y perdón. En situaciones estresantes, la bronzitis ayuda a mantener la calma. Es ventajoso utilizarlo para crear una rejilla en una habitación, porque tiene una [&hellip;]</p>
