{"id":50123,"date":"2025-05-16T15:42:07","date_gmt":"2025-05-16T13:42:07","guid":{"rendered":"https:\/\/www.seleneshop.net\/shop\/sin categor\u00eda\/vela-de-relajacion-calma-y-contemplacion\/"},"modified":"2026-02-01T03:36:03","modified_gmt":"2026-02-01T02:36:03","slug":"vela-de-relajacion-calma-y-contemplacion","status":"publish","type":"product","link":"https:\/\/www.seleneshop.net\/es\/shop\/velas\/vela-de-relajacion-calma-y-contemplacion\/","title":{"rendered":"Vela de Relajaci\u00f3n &#8211; Calma y Contemplaci\u00f3n"},"content":{"rendered":"<h2>Vela de Relajaci\u00f3n &#8211; Calma y Contemplaci\u00f3n<\/h2>\n<p data-start=\"61\" data-end=\"449\">\ud83c\udf3f <strong data-start=\"64\" data-end=\"114\">Encuentra la paz interior con la Vela Relax<\/strong><br data-start=\"114\" data-end=\"117\">La <strong data-start=\"120\" data-end=\"162\">Vela Relax &#8211; Calma y Contemplaci\u00f3n<\/strong> est\u00e1 dise\u00f1ada para acompa\u00f1arte en momentos de estr\u00e9s, ansiedad o agitaci\u00f3n. Fabricada con cera de soja natural y enriquecida con una fragancia delicada y envolvente, es perfecta para crear un ambiente relajante durante la meditaci\u00f3n, el yoga o simplemente en momentos de necesidad. <\/p>\n<p data-start=\"451\" data-end=\"479\">\ud83d\udd6f\ufe0f <strong data-start=\"455\" data-end=\"479\">Principales ventajas:<\/strong><\/p>\n<ul data-start=\"480\" data-end=\"725\">\n<li data-start=\"480\" data-end=\"525\">\n<p data-start=\"482\" data-end=\"525\">Favorece la <strong data-start=\"492\" data-end=\"516\">relajaci\u00f3n mental<\/strong> y f\u00edsica<\/p>\n<\/li>\n<li data-start=\"526\" data-end=\"606\">\n<p data-start=\"528\" data-end=\"606\">Excelente para <strong data-start=\"539\" data-end=\"569\">rituales de calma interior<\/strong> y desapego de las tensiones cotidianas<\/p>\n<\/li>\n<li data-start=\"607\" data-end=\"667\">\n<p data-start=\"609\" data-end=\"667\">Ayuda a <strong data-start=\"618\" data-end=\"636\">la concentraci\u00f3n<\/strong> mientras estudias o lees<\/p>\n<\/li>\n<li data-start=\"668\" data-end=\"725\">\n<p data-start=\"670\" data-end=\"725\">Promueve la <strong data-start=\"682\" data-end=\"706\">meditaci\u00f3n profunda<\/strong> y la escucha del yo<\/p>\n<\/li>\n<\/ul>\n<p data-start=\"727\" data-end=\"759\">\ud83c\udfa8 <strong data-start=\"730\" data-end=\"759\">Caracter\u00edsticas t\u00e9cnicas:<\/strong><\/p>\n<ul data-start=\"760\" data-end=\"959\">\n<li data-start=\"760\" data-end=\"790\">\n<p data-start=\"762\" data-end=\"790\">Cera de soja 100% natural<\/p>\n<\/li>\n<li data-start=\"791\" data-end=\"821\">\n<p data-start=\"793\" data-end=\"821\">Color: azul relajante<\/p>\n<\/li>\n<li data-start=\"822\" data-end=\"861\">\n<p data-start=\"824\" data-end=\"861\">Recipiente de hojalata negro con tap\u00f3n<\/p>\n<\/li>\n<li data-start=\"862\" data-end=\"904\">\n<p data-start=\"864\" data-end=\"904\">Etiqueta ilustrada de tem\u00e1tica espiritual<\/p>\n<\/li>\n<li data-start=\"905\" data-end=\"959\">\n<p data-start=\"907\" data-end=\"959\">Tama\u00f1o compacto, tambi\u00e9n ideal como idea regalo<\/p>\n<\/li>\n<\/ul>\n<p data-start=\"961\" data-end=\"1208\">\ud83e\uddd8\u200d\u2640\ufe0f <strong data-start=\"967\" data-end=\"990\">Cu\u00e1ndo utilizarla:<\/strong><br \/>\nEnciende la Vela Relajante en veladas tranquilas, mientras te ba\u00f1as, antes de dormirte o cuando desees purificar la energ\u00eda de la habitaci\u00f3n. Su energ\u00eda favorece la calma, la armon\u00eda y la contemplaci\u00f3n espiritual. <\/p>\n<p data-start=\"1401\" data-end=\"1504\">\u2705 Producto hecho a mano<br data-start=\"1423\" data-end=\"1426\">\u2705 Vegano y libre de crueldad<br data-start=\"1448\" data-end=\"1451\">\u2705 <em data-start=\"1475\" data-end=\"1504\">Hecho<\/em> en Italia con intenci\u00f3n &#8211; <em data-start=\"1475\" data-end=\"1504\">hecho con cuidado y magia<\/em><\/p>\n<p data-start=\"1506\" data-end=\"1553\" data-is-last-node=\"\" data-is-only-node=\"\">Un peque\u00f1o gesto&#8230; para grandes momentos de tranquilidad.<\/p>\n","protected":false},"excerpt":{"rendered":"<p>Fabricada con cera de soja natural, esta vela perfumada est\u00e1 dise\u00f1ada para promover la relajaci\u00f3n, la meditaci\u00f3n y la paz interior. Ideal para crear una atm\u00f3sfera armoniosa, desterrar el estr\u00e9s y recuperar el equilibrio espiritual. Perfecta para momentos de tranquilidad, yoga y rituales calmantes.  <\/p>\n","protected":false},"featured_media":50118,"comment_status":"open","ping_status":"closed","template":"","meta":{"_acf_changed":false},"product_brand":[],"product_cat":[880],"product_tag":[4208,6047,4207,1891],"class_list":{"0":"post-50123","1":"product","2":"type-product","3":"status-publish","4":"has-post-thumbnail","6":"product_cat-velas","7":"product_tag-relax-es","8":"product_tag-soja-es","9":"product_tag-tranquilo","10":"product_tag-vela-es","12":"first","13":"instock","14":"shipping-taxable","15":"purchasable","16":"product-type-simple"},"acf":[],"_links":{"self":[{"href":"https:\/\/www.seleneshop.net\/es\/wp-json\/wp\/v2\/product\/50123","targetHints":{"allow":["GET"]}}],"collection":[{"href":"https:\/\/www.seleneshop.net\/es\/wp-json\/wp\/v2\/product"}],"about":[{"href":"https:\/\/www.seleneshop.net\/es\/wp-json\/wp\/v2\/types\/product"}],"replies":[{"embeddable":true,"href":"https:\/\/www.seleneshop.net\/es\/wp-json\/wp\/v2\/comments?post=50123"}],"wp:featuredmedia":[{"embeddable":true,"href":"https:\/\/www.seleneshop.net\/es\/wp-json\/wp\/v2\/media\/50118"}],"wp:attachment":[{"href":"https:\/\/www.seleneshop.net\/es\/wp-json\/wp\/v2\/media?parent=50123"}],"wp:term":[{"taxonomy":"product_brand","embeddable":true,"href":"https:\/\/www.seleneshop.net\/es\/wp-json\/wp\/v2\/product_brand?post=50123"},{"taxonomy":"product_cat","embeddable":true,"href":"https:\/\/www.seleneshop.net\/es\/wp-json\/wp\/v2\/product_cat?post=50123"},{"taxonomy":"product_tag","embeddable":true,"href":"https:\/\/www.seleneshop.net\/es\/wp-json\/wp\/v2\/product_tag?post=50123"}],"curies":[{"name":"wp","href":"https:\/\/api.w.org\/{rel}","templated":true}]}}

https://www.seleneshop.net/shop/sin categoría/vela-de-relajacion-calma-y-contemplacion/

Vela de Relajación &#8211; Calma y Contemplación

<h2>Vela de Relajación &#8211; Calma y Contemplación</h2>
<p data-start="61" data-end="449">🌿 <strong data-start="64" data-end="114">Encuentra la paz interior con la Vela Relax</strong><br data-start="114" data-end="117">La <strong data-start="120" data-end="162">Vela Relax &#8211; Calma y Contemplación</strong> está diseñada para acompañarte en momentos de estrés, ansiedad o agitación. Fabricada con cera de soja natural y enriquecida con una fragancia delicada y envolvente, es perfecta para crear un ambiente relajante durante la meditación, el yoga o simplemente en momentos de necesidad. </p>
<p data-start="451" data-end="479">🕯️ <strong data-start="455" data-end="479">Principales ventajas:</strong></p>
<ul data-start="480" data-end="725">
<li data-start="480" data-end="525">
<p data-start="482" data-end="525">Favorece la <strong data-start="492" data-end="516">relajación mental</strong> y física</p>
</li>
<li data-start="526" data-end="606">
<p data-start="528" data-end="606">Excelente para <strong data-start="539" data-end="569">rituales de calma interior</strong> y desapego de las tensiones cotidianas</p>
</li>
<li data-start="607" data-end="667">
<p data-start="609" data-end="667">Ayuda a <strong data-start="618" data-end="636">la concentración</strong> mientras estudias o lees</p>
</li>
<li data-start="668" data-end="725">
<p data-start="670" data-end="725">Promueve la <strong data-start="682" data-end="706">meditación profunda</strong> y la escucha del yo</p>
</li>
</ul>
<p data-start="727" data-end="759">🎨 <strong data-start="730" data-end="759">Características técnicas:</strong></p>
<ul data-start="760" data-end="959">
<li data-start="760" data-end="790">
<p data-start="762" data-end="790">Cera de soja 100% natural</p>
</li>
<li data-start="791" data-end="821">
<p data-start="793" data-end="821">Color: azul relajante</p>
</li>
<li data-start="822" data-end="861">
<p data-start="824" data-end="861">Recipiente de hojalata negro con tapón</p>
</li>
<li data-start="862" data-end="904">
<p data-start="864" data-end="904">Etiqueta ilustrada de temática espiritual</p>
</li>
<li data-start="905" data-end="959">
<p data-start="907" data-end="959">Tamaño compacto, también ideal como idea regalo</p>
</li>
</ul>
<p data-start="961" data-end="1208">🧘‍♀️ <strong data-start="967" data-end="990">Cuándo utilizarla:</strong><br />
Enciende la Vela Relajante en veladas tranquilas, mientras te bañas, antes de dormirte o cuando desees purificar la energía de la habitación. Su energía favorece la calma, la armonía y la contemplación espiritual. </p>
<p data-start="1401" data-end="1504">✅ Producto hecho a mano<br data-start="1423" data-end="1426">✅ Vegano y libre de crueldad<br data-start="1448" data-end="1451">✅ <em data-start="1475" data-end="1504">Hecho</em> en Italia con intención &#8211; <em data-start="1475" data-end="1504">hecho con cuidado y magia</em></p>
<p data-start="1506" data-end="1553" data-is-last-node="" data-is-only-node="">Un pequeño gesto&#8230; para grandes momentos de tranquilidad.</p>

<p>Fabricada con cera de soja natural, esta vela perfumada está diseñada para promover la relajación, la meditación y la paz interior. Ideal para crear una atmósfera armoniosa, desterrar el estrés y recuperar el equilibrio espiritual. Perfecta para momentos de tranquilidad, yoga y rituales calmantes.  </p>
